{"id":465,"date":"2019-04-24T17:34:05","date_gmt":"2019-04-24T17:34:05","guid":{"rendered":"https:\/\/modelagemecosturaobjetiva.com\/mco\/?page_id=465"},"modified":"2022-12-30T20:19:23","modified_gmt":"2022-12-30T20:19:23","slug":"meus-contatos","status":"publish","type":"page","link":"https:\/\/modelagemecosturaobjetiva.com\/mco\/meus-contatos\/","title":{"rendered":"meus contatos"},"content":{"rendered":"\t\t<div data-elementor-type=\"wp-post\" data-elementor-id=\"465\" class=\"elementor elementor-465 elementor-bc-flex-widget\">\n\t\t\t\t\t\t<section class=\"elementor-section elementor-top-section elementor-element elementor-element-5af83b8 elementor-section-boxed elementor-section-height-default elementor-section-height-default\" data-id=\"5af83b8\" data-element_type=\"section\" data-settings=\"{&quot;background_background&quot;:&quot;classic&quot;}\">\n\t\t\t\t\t\t<div class=\"elementor-container elementor-column-gap-default\">\n\t\t\t\t\t<div class=\"elementor-column elementor-col-100 elementor-top-column elementor-element elementor-element-0c9b969\" data-id=\"0c9b969\" data-element_type=\"column\">\n\t\t\t<div class=\"elementor-widget-wrap elementor-element-populated\">\n\t\t\t\t\t\t<div class=\"elementor-element elementor-element-012c5ca elementor-widget elementor-widget-heading\" data-id=\"012c5ca\" data-element_type=\"widget\" data-widget_type=\"heading.default\">\n\t\t\t\t<div class=\"elementor-widget-container\">\n\t\t\t\t\t<h2 class=\"elementor-heading-title elementor-size-default\">Aqui voc\u00ea encontra todos os meus contatos e redes sociais<\/h2>\t\t\t\t<\/div>\n\t\t\t\t<\/div>\n\t\t\t\t\t<\/div>\n\t\t<\/div>\n\t\t\t\t\t<\/div>\n\t\t<\/section>\n\t\t\t\t<section class=\"elementor-section elementor-top-section elementor-element elementor-element-faf2a07 elementor-section-boxed elementor-section-height-default elementor-section-height-default\" data-id=\"faf2a07\" data-element_type=\"section\" data-settings=\"{&quot;background_background&quot;:&quot;gradient&quot;}\">\n\t\t\t\t\t\t<div class=\"elementor-container elementor-column-gap-default\">\n\t\t\t\t\t<div class=\"elementor-column elementor-col-33 elementor-top-column elementor-element elementor-element-b0255cf\" data-id=\"b0255cf\" data-element_type=\"column\" data-settings=\"{&quot;background_background&quot;:&quot;classic&quot;}\">\n\t\t\t<div class=\"elementor-widget-wrap elementor-element-populated\">\n\t\t\t\t\t\t<div class=\"elementor-element elementor-element-a2e2fac elementor-widget elementor-widget-image\" data-id=\"a2e2fac\" data-element_type=\"widget\" data-widget_type=\"image.default\">\n\t\t\t\t<div class=\"elementor-widget-container\">\n\t\t\t\t\t\t\t\t\t\t\t\t<figure class=\"wp-caption\">\n\t\t\t\t\t\t\t\t\t\t\t<a href=\"http:\/\/youtube.com\/c\/ModelagemeCosturaObjetiva\">\n\t\t\t\t\t\t\t<img decoding=\"async\" width=\"300\" height=\"100\" src=\"https:\/\/modelagemecosturaobjetiva.com\/mco\/wp-content\/uploads\/2019\/04\/ebook-de-saias-300x100.png\" class=\"attachment-medium size-medium wp-image-511\" alt=\"\" srcset=\"https:\/\/modelagemecosturaobjetiva.com\/mco\/wp-content\/uploads\/2019\/04\/ebook-de-saias-300x100.png 300w, https:\/\/modelagemecosturaobjetiva.com\/mco\/wp-content\/uploads\/2019\/04\/ebook-de-saias.png 600w\" sizes=\"(max-width: 300px) 100vw, 300px\" \/>\t\t\t\t\t\t\t\t<\/a>\n\t\t\t\t\t\t\t\t\t\t\t<figcaption class=\"widget-image-caption wp-caption-text\">Canal Modelagem e Costura Objetiva<\/figcaption>\n\t\t\t\t\t\t\t\t\t\t<\/figure>\n\t\t\t\t\t\t\t\t\t<\/div>\n\t\t\t\t<\/div>\n\t\t\t\t<div class=\"elementor-element elementor-element-c518410 elementor-widget elementor-widget-image\" data-id=\"c518410\" data-element_type=\"widget\" data-widget_type=\"image.default\">\n\t\t\t\t<div class=\"elementor-widget-container\">\n\t\t\t\t\t\t\t\t\t\t\t\t<figure class=\"wp-caption\">\n\t\t\t\t\t\t\t\t\t\t\t<a href=\"https:\/\/modelagemecosturaobjetiva.com\/TAcursoCCVSB\">\n\t\t\t\t\t\t\t<img decoding=\"async\" width=\"300\" height=\"100\" src=\"https:\/\/modelagemecosturaobjetiva.com\/mco\/wp-content\/uploads\/2019\/04\/ebook-de-saias-300x100.jpg\" class=\"attachment-medium size-medium wp-image-510\" alt=\"\" srcset=\"https:\/\/modelagemecosturaobjetiva.com\/mco\/wp-content\/uploads\/2019\/04\/ebook-de-saias-300x100.jpg 300w, https:\/\/modelagemecosturaobjetiva.com\/mco\/wp-content\/uploads\/2019\/04\/ebook-de-saias.jpg 600w\" sizes=\"(max-width: 300px) 100vw, 300px\" \/>\t\t\t\t\t\t\t\t<\/a>\n\t\t\t\t\t\t\t\t\t\t\t<figcaption class=\"widget-image-caption wp-caption-text\">Curso Como Confeccionar Vestidos, Saias e Blusas<\/figcaption>\n\t\t\t\t\t\t\t\t\t\t<\/figure>\n\t\t\t\t\t\t\t\t\t<\/div>\n\t\t\t\t<\/div>\n\t\t\t\t<div class=\"elementor-element elementor-element-4062c4e elementor-widget elementor-widget-image\" data-id=\"4062c4e\" data-element_type=\"widget\" data-widget_type=\"image.default\">\n\t\t\t\t<div class=\"elementor-widget-container\">\n\t\t\t\t\t\t\t\t\t\t\t\t<figure class=\"wp-caption\">\n\t\t\t\t\t\t\t\t\t\t\t<a href=\"https:\/\/modelagemecosturaobjetiva.com\/ebooksaias\">\n\t\t\t\t\t\t\t<img decoding=\"async\" width=\"300\" height=\"100\" src=\"https:\/\/modelagemecosturaobjetiva.com\/mco\/wp-content\/uploads\/2019\/04\/Design-sem-nome-6-300x100.jpg\" class=\"attachment-medium size-medium wp-image-508\" alt=\"\" srcset=\"https:\/\/modelagemecosturaobjetiva.com\/mco\/wp-content\/uploads\/2019\/04\/Design-sem-nome-6-300x100.jpg 300w, https:\/\/modelagemecosturaobjetiva.com\/mco\/wp-content\/uploads\/2019\/04\/Design-sem-nome-6.jpg 600w\" sizes=\"(max-width: 300px) 100vw, 300px\" \/>\t\t\t\t\t\t\t\t<\/a>\n\t\t\t\t\t\t\t\t\t\t\t<figcaption class=\"widget-image-caption wp-caption-text\">Ebook de saias<\/figcaption>\n\t\t\t\t\t\t\t\t\t\t<\/figure>\n\t\t\t\t\t\t\t\t\t<\/div>\n\t\t\t\t<\/div>\n\t\t\t\t\t<\/div>\n\t\t<\/div>\n\t\t\t\t<div class=\"elementor-column elementor-col-33 elementor-top-column elementor-element elementor-element-72359d9\" data-id=\"72359d9\" data-element_type=\"column\" data-settings=\"{&quot;background_background&quot;:&quot;classic&quot;}\">\n\t\t\t<div class=\"elementor-widget-wrap elementor-element-populated\">\n\t\t\t\t\t<div class=\"elementor-background-overlay\"><\/div>\n\t\t\t\t\t\t<div class=\"elementor-element elementor-element-34e7895 elementor-widget elementor-widget-image\" data-id=\"34e7895\" data-element_type=\"widget\" data-widget_type=\"image.default\">\n\t\t\t\t<div class=\"elementor-widget-container\">\n\t\t\t\t\t\t\t\t\t\t\t\t<figure class=\"wp-caption\">\n\t\t\t\t\t\t\t\t\t\t\t<a href=\"https:\/\/modelagemecosturaobjetiva.com\/\">\n\t\t\t\t\t\t\t<img loading=\"lazy\" decoding=\"async\" width=\"300\" height=\"114\" src=\"https:\/\/modelagemecosturaobjetiva.com\/mco\/wp-content\/uploads\/2019\/04\/Design-sem-nome-10-300x114.png\" class=\"attachment-medium size-medium wp-image-470\" alt=\"\" srcset=\"https:\/\/modelagemecosturaobjetiva.com\/mco\/wp-content\/uploads\/2019\/04\/Design-sem-nome-10-300x114.png 300w, https:\/\/modelagemecosturaobjetiva.com\/mco\/wp-content\/uploads\/2019\/04\/Design-sem-nome-10-768x292.png 768w, https:\/\/modelagemecosturaobjetiva.com\/mco\/wp-content\/uploads\/2019\/04\/Design-sem-nome-10.png 820w\" sizes=\"(max-width: 300px) 100vw, 300px\" \/>\t\t\t\t\t\t\t\t<\/a>\n\t\t\t\t\t\t\t\t\t\t\t<figcaption class=\"widget-image-caption wp-caption-text\">Site Modelagem e Costura Objetiva<\/figcaption>\n\t\t\t\t\t\t\t\t\t\t<\/figure>\n\t\t\t\t\t\t\t\t\t<\/div>\n\t\t\t\t<\/div>\n\t\t\t\t<div class=\"elementor-element elementor-element-efaa4a7 elementor-widget elementor-widget-image\" data-id=\"efaa4a7\" data-element_type=\"widget\" data-widget_type=\"image.default\">\n\t\t\t\t<div class=\"elementor-widget-container\">\n\t\t\t\t\t\t\t\t\t\t\t\t<figure class=\"wp-caption\">\n\t\t\t\t\t\t\t\t\t\t\t<a href=\"https:\/\/www.instagram.com\/modelagem.costura.objetiva\/?hl=pt-br\">\n\t\t\t\t\t\t\t<img decoding=\"async\" src=\"https:\/\/modelagemecosturaobjetiva.com\/mco\/wp-content\/uploads\/elementor\/thumbs\/images-oawzzpah10d4uk8mnb9lwxf7djye74hefaher6oulw.jpg\" title=\"Instagram\" alt=\"Instagram\" loading=\"lazy\" \/>\t\t\t\t\t\t\t\t<\/a>\n\t\t\t\t\t\t\t\t\t\t\t<figcaption class=\"widget-image-caption wp-caption-text\"> Instagram Modelagem e Costura Objetiva<\/figcaption>\n\t\t\t\t\t\t\t\t\t\t<\/figure>\n\t\t\t\t\t\t\t\t\t<\/div>\n\t\t\t\t<\/div>\n\t\t\t\t<div class=\"elementor-element elementor-element-15145be elementor-widget elementor-widget-image\" data-id=\"15145be\" data-element_type=\"widget\" data-widget_type=\"image.default\">\n\t\t\t\t<div class=\"elementor-widget-container\">\n\t\t\t\t\t\t\t\t\t\t\t\t<figure class=\"wp-caption\">\n\t\t\t\t\t\t\t\t\t\t\t<a href=\"https:\/\/api.whatsapp.com\/send?l=pt_br&#038;phone=5538998565143&#038;text=%20%20Estou%20aqui%20na%20%20p\u00e1gina%20de%20contatos%20%20e%20gostaria%20de%20mais%20informa\u00e7\u00f5es%20sobre....\">\n\t\t\t\t\t\t\t<img decoding=\"async\" src=\"https:\/\/modelagemecosturaobjetiva.com\/mco\/wp-content\/uploads\/elementor\/thumbs\/WhatsApp-icone-oax00rtukg2vz9q1oj3b3hufpt27vb2ucz277q9r1c.png\" title=\"WhatsApp-icone\" alt=\"WhatsApp-icone\" loading=\"lazy\" \/>\t\t\t\t\t\t\t\t<\/a>\n\t\t\t\t\t\t\t\t\t\t\t<figcaption class=\"widget-image-caption wp-caption-text\">Whatsapp Modelagem e Costura Objetiva apenas para informa\u00e7\u00f5es sobre o curso ou contatos de parcerias<\/figcaption>\n\t\t\t\t\t\t\t\t\t\t<\/figure>\n\t\t\t\t\t\t\t\t\t<\/div>\n\t\t\t\t<\/div>\n\t\t\t\t\t<\/div>\n\t\t<\/div>\n\t\t\t\t<div class=\"elementor-column elementor-col-33 elementor-top-column elementor-element elementor-element-a038b9a\" data-id=\"a038b9a\" data-element_type=\"column\" data-settings=\"{&quot;background_background&quot;:&quot;classic&quot;}\">\n\t\t\t<div class=\"elementor-widget-wrap elementor-element-populated\">\n\t\t\t\t\t<div class=\"elementor-background-overlay\"><\/div>\n\t\t\t\t\t\t<div class=\"elementor-element elementor-element-a60ce2e elementor-widget elementor-widget-image\" data-id=\"a60ce2e\" data-element_type=\"widget\" data-widget_type=\"image.default\">\n\t\t\t\t<div class=\"elementor-widget-container\">\n\t\t\t\t\t\t\t\t\t\t\t\t<figure class=\"wp-caption\">\n\t\t\t\t\t\t\t\t\t\t\t<a href=\"https:\/\/www.facebook.com\/modelagemecosturaobjetiva\/\">\n\t\t\t\t\t\t\t<img decoding=\"async\" src=\"https:\/\/modelagemecosturaobjetiva.com\/mco\/wp-content\/uploads\/elementor\/thumbs\/download-face-oax001idhutszu0g8coigmr726fqulmsjmexshj8gg.jpg\" title=\"p\u00e1gina no Facebook\" alt=\"p\u00e1gina no Facebook\" loading=\"lazy\" \/>\t\t\t\t\t\t\t\t<\/a>\n\t\t\t\t\t\t\t\t\t\t\t<figcaption class=\"widget-image-caption wp-caption-text\">p\u00e1gina do Facebook Modelagem e Costura Objetiva<\/figcaption>\n\t\t\t\t\t\t\t\t\t\t<\/figure>\n\t\t\t\t\t\t\t\t\t<\/div>\n\t\t\t\t<\/div>\n\t\t\t\t<div class=\"elementor-element elementor-element-54b6b21 elementor-widget elementor-widget-image\" data-id=\"54b6b21\" data-element_type=\"widget\" data-widget_type=\"image.default\">\n\t\t\t\t<div class=\"elementor-widget-container\">\n\t\t\t\t\t\t\t\t\t\t\t\t<figure class=\"wp-caption\">\n\t\t\t\t\t\t\t\t\t\t\t<a href=\"https:\/\/www.facebook.com\/groups\/grupomodelagemecosturaobjetiva\/\">\n\t\t\t\t\t\t\t<img decoding=\"async\" src=\"https:\/\/modelagemecosturaobjetiva.com\/mco\/wp-content\/uploads\/elementor\/thumbs\/face-oawzzs3zligzte4j6uhhmepl5pkhu7slfofv70ko38.jpg\" title=\"face\" alt=\"face\" loading=\"lazy\" \/>\t\t\t\t\t\t\t\t<\/a>\n\t\t\t\t\t\t\t\t\t\t\t<figcaption class=\"widget-image-caption wp-caption-text\">grupo do Facebook Modelagem e Costura Objetiva<\/figcaption>\n\t\t\t\t\t\t\t\t\t\t<\/figure>\n\t\t\t\t\t\t\t\t\t<\/div>\n\t\t\t\t<\/div>\n\t\t\t\t<div class=\"elementor-element elementor-element-1119152 elementor-widget elementor-widget-image\" data-id=\"1119152\" data-element_type=\"widget\" data-widget_type=\"image.default\">\n\t\t\t\t<div class=\"elementor-widget-container\">\n\t\t\t\t\t\t\t\t\t\t\t\t<figure class=\"wp-caption\">\n\t\t\t\t\t\t\t\t\t\t\t<a href=\"https:\/\/br.pinterest.com\/WaniaMachadoMCO\/\">\n\t\t\t\t\t\t\t<img decoding=\"async\" src=\"https:\/\/modelagemecosturaobjetiva.com\/mco\/wp-content\/uploads\/elementor\/thumbs\/images-1-oawzzpah5e8pypbknlhh9tq1fwj4xplur4e56132pg.jpg\" title=\"Pinterest\" alt=\"Pinterest\" loading=\"lazy\" \/>\t\t\t\t\t\t\t\t<\/a>\n\t\t\t\t\t\t\t\t\t\t\t<figcaption class=\"widget-image-caption wp-caption-text\">Pinterest  Modelagem e Costura Objetiva<\/figcaption>\n\t\t\t\t\t\t\t\t\t\t<\/figure>\n\t\t\t\t\t\t\t\t\t<\/div>\n\t\t\t\t<\/div>\n\t\t\t\t\t<\/div>\n\t\t<\/div>\n\t\t\t\t\t<\/div>\n\t\t<\/section>\n\t\t\t\t<\/div>\n\t\t","protected":false},"excerpt":{"rendered":"<p>Aqui voc\u00ea encontra todos os meus contatos e redes sociais Canal Modelagem e Costura Objetiva Curso Como Confeccionar Vestidos, Saias e Blusas Ebook de saias Site Modelagem e Costura Objetiva Instagram Modelagem e Costura Objetiva Whatsapp Modelagem e Costura Objetiva apenas para informa\u00e7\u00f5es sobre o curso ou contatos de parcerias p\u00e1gina do Facebook Modelagem e [&hellip;]<\/p>\n","protected":false},"author":1,"featured_media":0,"parent":0,"menu_order":0,"comment_status":"closed","ping_status":"closed","template":"elementor_canvas","meta":{"footnotes":""},"tags":[],"class_list":["post-465","page","type-page","status-publish","hentry"],"yoast_head":"<!-- This site is optimized with the Yoast SEO plugin v27.2 - https:\/\/yoast.com\/product\/yoast-seo-wordpress\/ -->\n<title>meus contatos - Modelagem e Costura Objetiva<\/title>\n<meta name=\"robots\" content=\"index, follow, max-snippet:-1, max-image-preview:large, max-video-preview:-1\" \/>\n<link rel=\"canonical\" href=\"https:\/\/modelagemecosturaobjetiva.com\/mco\/meus-contatos\/\" \/>\n<meta property=\"og:locale\" content=\"pt_BR\" \/>\n<meta property=\"og:type\" content=\"article\" \/>\n<meta property=\"og:title\" content=\"meus contatos - Modelagem e Costura Objetiva\" \/>\n<meta property=\"og:description\" content=\"Aqui voc\u00ea encontra todos os meus contatos e redes sociais Canal Modelagem e Costura Objetiva Curso Como Confeccionar Vestidos, Saias e Blusas Ebook de saias Site Modelagem e Costura Objetiva Instagram Modelagem e Costura Objetiva Whatsapp Modelagem e Costura Objetiva apenas para informa\u00e7\u00f5es sobre o curso ou contatos de parcerias p\u00e1gina do Facebook Modelagem e [&hellip;]\" \/>\n<meta property=\"og:url\" content=\"https:\/\/modelagemecosturaobjetiva.com\/mco\/meus-contatos\/\" \/>\n<meta property=\"og:site_name\" content=\"Modelagem e Costura Objetiva\" \/>\n<meta property=\"article:modified_time\" content=\"2022-12-30T20:19:23+00:00\" \/>\n<meta property=\"og:image\" content=\"https:\/\/modelagemecosturaobjetiva.com\/mco\/wp-content\/uploads\/2019\/04\/ebook-de-saias-300x100.png\" \/>\n<meta name=\"twitter:card\" content=\"summary_large_image\" \/>\n<script type=\"application\/ld+json\" class=\"yoast-schema-graph\">{\"@context\":\"https:\/\/schema.org\",\"@graph\":[{\"@type\":\"WebPage\",\"@id\":\"https:\/\/modelagemecosturaobjetiva.com\/mco\/meus-contatos\/\",\"url\":\"https:\/\/modelagemecosturaobjetiva.com\/mco\/meus-contatos\/\",\"name\":\"meus contatos - Modelagem e Costura Objetiva\",\"isPartOf\":{\"@id\":\"https:\/\/modelagemecosturaobjetiva.com\/mco\/#website\"},\"primaryImageOfPage\":{\"@id\":\"https:\/\/modelagemecosturaobjetiva.com\/mco\/meus-contatos\/#primaryimage\"},\"image\":{\"@id\":\"https:\/\/modelagemecosturaobjetiva.com\/mco\/meus-contatos\/#primaryimage\"},\"thumbnailUrl\":\"https:\/\/modelagemecosturaobjetiva.com\/mco\/wp-content\/uploads\/2019\/04\/ebook-de-saias-300x100.png\",\"datePublished\":\"2019-04-24T17:34:05+00:00\",\"dateModified\":\"2022-12-30T20:19:23+00:00\",\"breadcrumb\":{\"@id\":\"https:\/\/modelagemecosturaobjetiva.com\/mco\/meus-contatos\/#breadcrumb\"},\"inLanguage\":\"pt-BR\",\"potentialAction\":[{\"@type\":\"ReadAction\",\"target\":[\"https:\/\/modelagemecosturaobjetiva.com\/mco\/meus-contatos\/\"]}]},{\"@type\":\"ImageObject\",\"inLanguage\":\"pt-BR\",\"@id\":\"https:\/\/modelagemecosturaobjetiva.com\/mco\/meus-contatos\/#primaryimage\",\"url\":\"https:\/\/modelagemecosturaobjetiva.com\/mco\/wp-content\/uploads\/2019\/04\/ebook-de-saias.png\",\"contentUrl\":\"https:\/\/modelagemecosturaobjetiva.com\/mco\/wp-content\/uploads\/2019\/04\/ebook-de-saias.png\",\"width\":600,\"height\":200},{\"@type\":\"BreadcrumbList\",\"@id\":\"https:\/\/modelagemecosturaobjetiva.com\/mco\/meus-contatos\/#breadcrumb\",\"itemListElement\":[{\"@type\":\"ListItem\",\"position\":1,\"name\":\"In\u00edcio\",\"item\":\"https:\/\/modelagemecosturaobjetiva.com\/mco\/\"},{\"@type\":\"ListItem\",\"position\":2,\"name\":\"meus contatos\"}]},{\"@type\":\"WebSite\",\"@id\":\"https:\/\/modelagemecosturaobjetiva.com\/mco\/#website\",\"url\":\"https:\/\/modelagemecosturaobjetiva.com\/mco\/\",\"name\":\"Modelagem e Costura Objetiva\",\"description\":\"Aprenda a Modelar e Costurar\",\"potentialAction\":[{\"@type\":\"SearchAction\",\"target\":{\"@type\":\"EntryPoint\",\"urlTemplate\":\"https:\/\/modelagemecosturaobjetiva.com\/mco\/?s={search_term_string}\"},\"query-input\":{\"@type\":\"PropertyValueSpecification\",\"valueRequired\":true,\"valueName\":\"search_term_string\"}}],\"inLanguage\":\"pt-BR\"}]}<\/script>\n<!-- \/ Yoast SEO plugin. -->","yoast_head_json":{"title":"meus contatos - Modelagem e Costura Objetiva","robots":{"index":"index","follow":"follow","max-snippet":"max-snippet:-1","max-image-preview":"max-image-preview:large","max-video-preview":"max-video-preview:-1"},"canonical":"https:\/\/modelagemecosturaobjetiva.com\/mco\/meus-contatos\/","og_locale":"pt_BR","og_type":"article","og_title":"meus contatos - Modelagem e Costura Objetiva","og_description":"Aqui voc\u00ea encontra todos os meus contatos e redes sociais Canal Modelagem e Costura Objetiva Curso Como Confeccionar Vestidos, Saias e Blusas Ebook de saias Site Modelagem e Costura Objetiva Instagram Modelagem e Costura Objetiva Whatsapp Modelagem e Costura Objetiva apenas para informa\u00e7\u00f5es sobre o curso ou contatos de parcerias p\u00e1gina do Facebook Modelagem e [&hellip;]","og_url":"https:\/\/modelagemecosturaobjetiva.com\/mco\/meus-contatos\/","og_site_name":"Modelagem e Costura Objetiva","article_modified_time":"2022-12-30T20:19:23+00:00","og_image":[{"url":"https:\/\/modelagemecosturaobjetiva.com\/mco\/wp-content\/uploads\/2019\/04\/ebook-de-saias-300x100.png","type":"","width":"","height":""}],"twitter_card":"summary_large_image","schema":{"@context":"https:\/\/schema.org","@graph":[{"@type":"WebPage","@id":"https:\/\/modelagemecosturaobjetiva.com\/mco\/meus-contatos\/","url":"https:\/\/modelagemecosturaobjetiva.com\/mco\/meus-contatos\/","name":"meus contatos - Modelagem e Costura Objetiva","isPartOf":{"@id":"https:\/\/modelagemecosturaobjetiva.com\/mco\/#website"},"primaryImageOfPage":{"@id":"https:\/\/modelagemecosturaobjetiva.com\/mco\/meus-contatos\/#primaryimage"},"image":{"@id":"https:\/\/modelagemecosturaobjetiva.com\/mco\/meus-contatos\/#primaryimage"},"thumbnailUrl":"https:\/\/modelagemecosturaobjetiva.com\/mco\/wp-content\/uploads\/2019\/04\/ebook-de-saias-300x100.png","datePublished":"2019-04-24T17:34:05+00:00","dateModified":"2022-12-30T20:19:23+00:00","breadcrumb":{"@id":"https:\/\/modelagemecosturaobjetiva.com\/mco\/meus-contatos\/#breadcrumb"},"inLanguage":"pt-BR","potentialAction":[{"@type":"ReadAction","target":["https:\/\/modelagemecosturaobjetiva.com\/mco\/meus-contatos\/"]}]},{"@type":"ImageObject","inLanguage":"pt-BR","@id":"https:\/\/modelagemecosturaobjetiva.com\/mco\/meus-contatos\/#primaryimage","url":"https:\/\/modelagemecosturaobjetiva.com\/mco\/wp-content\/uploads\/2019\/04\/ebook-de-saias.png","contentUrl":"https:\/\/modelagemecosturaobjetiva.com\/mco\/wp-content\/uploads\/2019\/04\/ebook-de-saias.png","width":600,"height":200},{"@type":"BreadcrumbList","@id":"https:\/\/modelagemecosturaobjetiva.com\/mco\/meus-contatos\/#breadcrumb","itemListElement":[{"@type":"ListItem","position":1,"name":"In\u00edcio","item":"https:\/\/modelagemecosturaobjetiva.com\/mco\/"},{"@type":"ListItem","position":2,"name":"meus contatos"}]},{"@type":"WebSite","@id":"https:\/\/modelagemecosturaobjetiva.com\/mco\/#website","url":"https:\/\/modelagemecosturaobjetiva.com\/mco\/","name":"Modelagem e Costura Objetiva","description":"Aprenda a Modelar e Costurar","potentialAction":[{"@type":"SearchAction","target":{"@type":"EntryPoint","urlTemplate":"https:\/\/modelagemecosturaobjetiva.com\/mco\/?s={search_term_string}"},"query-input":{"@type":"PropertyValueSpecification","valueRequired":true,"valueName":"search_term_string"}}],"inLanguage":"pt-BR"}]}},"_links":{"self":[{"href":"https:\/\/modelagemecosturaobjetiva.com\/mco\/wp-json\/wp\/v2\/pages\/465","targetHints":{"allow":["GET"]}}],"collection":[{"href":"https:\/\/modelagemecosturaobjetiva.com\/mco\/wp-json\/wp\/v2\/pages"}],"about":[{"href":"https:\/\/modelagemecosturaobjetiva.com\/mco\/wp-json\/wp\/v2\/types\/page"}],"author":[{"embeddable":true,"href":"https:\/\/modelagemecosturaobjetiva.com\/mco\/wp-json\/wp\/v2\/users\/1"}],"replies":[{"embeddable":true,"href":"https:\/\/modelagemecosturaobjetiva.com\/mco\/wp-json\/wp\/v2\/comments?post=465"}],"version-history":[{"count":3,"href":"https:\/\/modelagemecosturaobjetiva.com\/mco\/wp-json\/wp\/v2\/pages\/465\/revisions"}],"predecessor-version":[{"id":758,"href":"https:\/\/modelagemecosturaobjetiva.com\/mco\/wp-json\/wp\/v2\/pages\/465\/revisions\/758"}],"wp:attachment":[{"href":"https:\/\/modelagemecosturaobjetiva.com\/mco\/wp-json\/wp\/v2\/media?parent=465"}],"wp:term":[{"taxonomy":"post_tag","embeddable":true,"href":"https:\/\/modelagemecosturaobjetiva.com\/mco\/wp-json\/wp\/v2\/tags?post=465"}],"curies":[{"name":"wp","href":"https:\/\/api.w.org\/{rel}","templated":true}]}}